t t(s) = s**3 - s**2 - 3*s - 3. Suppose -4*o - p - 3*p + 16 = 0, -3*p = 5*o - 18. Give t(o).
6
Suppose -5*j + 70 = 25. Suppose 6*l = 3*l - j. Let r(y) = y - 2*y + 0*y. Calculate r(l).
3
Let a(t) = t**2 - t**2 - 3*t + t**2 + 3. Calculate a(2).
1
Let y(c) = -7*c**2 + 7*c + 5. Let p(l) = 3*l**2 - 4*l - 2. Let q(x) = -5*p(x) - 2*y(x). Let d(n) = 6*n**2 - n + 1. Let j be d(1). What is q(j)?
0
Suppose 8 = v + 13. Let q(n) = -3*n - 4. Determine q(v).
11
Let q(m) = m**3 + 10*m**2 + 4*m + 4. Let c(z) = 4*z**3 + 21*z**2 + 9 - 2*z**3 + 9*z + 0. Suppose 0 = 4*n + 6 + 30. Let r(x) = n*q(x) + 4*c(x). What is r(-6)?
0
Let t(s) be the first derivative of 3*s**2/2 + s - 7. What is t(-2)?
-5
Let i(f) = -2*f**3 - 4*f**2 - 3*f + 4. Let p(a) = -3*a**3 - 4*a**2 - 4*a + 5. Let w(u) = -4*i(u) + 3*p(u). Suppose 0 = -4*h + 4 + 12. Calculate w(h).
-1
Let s(a) = a**2 - 19. Suppose -z = 2*n + 4, -3*z = 3*n - 4*n - 2. Give s(z).
-19
Let k(l) = -2*l - 14. Let f be k(-7). Let o(j) = -j**2 + j + 3. Give o(f).
3
Let p(f) = 1 - 1 - 6*f + 5*f. Let b be (-2)/(-4) - (-2)/4. What is p(b)?
-1
Let w(f) be the second derivative of -7*f**4/12 + f**2/2 - 3*f. Calculate w(1).
-6
Let k(p) = 5*p + 2. Let g(f) = f. Let z(i) = -4*g(i) + k(i). Let d(n) = -2*n**2 + 10*n + 12. Let v be d(6). Determine z(v).
2
Let l(f) = f + 2. Suppose 6*z - z + 2*r + 7 = 0, 5*z + 3*r = -3. Calculate l(z).
-1
Let a(h) = 2*h**2 - 4*h + 3. Suppose 3 = y - 0. Let o(c) = c**2 - 2*c - 1. Let l be o(y). Determine a(l).
3
Suppose 0 = -w - 5. Let a(c) = 2 - c**2 - 4*c - c - 5*c + 4*c. Give a(w).
7
Let y be (1 - 2)/(2/(-10)). Let r = y - 2. Let s(l) = 4*l + 2. Let f(x) = -10*x - 5. Let a(c) = -3*f(c) - 8*s(c). What is a(r)?
-7
Let l(u) be the second derivative of 0 + 1/3*u**3 - 2*u + 3/2*u**2. Calculate l(-4).
-5
Let w(n) = n**2 + 1. Suppose 7 = 43*y - 36*y. Determine w(y).
2
Let p(x) = 9*x**2 - 2*x - 2. Let q(y) = -4*y + 34. Let m be q(8). What is p(m)?
30
Let d(n) = 4 - 4*n + 7 - 5. What is d(5)?
-14
Let j be (2/4)/(2/(-20)). Let s(c) = 2*c**3 + 13*c**2 - c + 1. Let g(i) = -i**3 - 6*i**2 + i - 1. Let x(m) = -5*g(m) - 2*s(m). What is x(j)?
-7
Suppose 0 = 3*a - 2*n + 4, 0*n - 40 = 5*a + 5*n. Let w(s) = -5*s. Let i(c) = c. Let m(u) = 6*i(u) + w(u). Give m(a).
-4
Suppose -4*t = 8 + 8. Let z(i) = i**2 + 5*i + 3. Calculate z(t).
-1
Let r be (3 - (0 - -4)) + -4. Let g(d) = d**3 + 4*d**2 - 6*d + 3. Determine g(r).
8
Let h(q) = q**3 + q**2 - q. Let y be 6*1 + (-6 - -6). Suppose -20 = p - y*p. Suppose -3*b = 2*j + p - 0, -3*j - 17 = -b. Give h(b).
10
Let s(r) = -r**3 - 2*r**2 - r - 1. Suppose -2*q = 3*l - 2, -3*q = -l + 6*l - 4. Give s(q).
1
Let t(y) = -y - 2*y**2 - 1110 + y**2 + 1108. Determine t(-3).
-8
Let l be (-4)/(-3)*(-9)/(-6). Let k = l - 0. Let a(z) = 3*z**2 - z - 2. Give a(k).
8
Let x(h) = -6*h**3 + 9*h**2 + h - 6. Let w = 13 - 8. Let p(c) = 5*c**3 - 8*c**2 + 5. Let j(n) = w*p(n) + 4*x(n). Determine j(3).
4
Let b(p) = 2 - 4*p + 2*p + 5*p. Let r be (-3)/(9/(-6)) - -4. Let h be (-3 + r)/((-9)/12). Give b(h).
-10
Suppose 6 = l + 3. Let v(b) = -1 + 3 + b + l. Calculate v(-4).
1
Let r(n) = -3*n**3 + n**2 - n - 1. Let s be r(-1). Let i = 7 - s. Let v(c) = -2*c + 2. Give v(i).
-4
Suppose 3*h + 6 + 1 = u, -6 = 2*u - h. Let c(i) be the second derivative of 1/2*i**2 - i**3 + 2*i + 1/20*i**5 + 0 + 1/3*i**4. Give c(u).
6
Let s(n) = 4*n - 2 + 2*n - 1 - 5*n. What is s(-3)?
-6
Let c(a) = -2*a**2 + 2*a - 1. Let z be 3*(3 - 32/12). Give c(z).
-1
Suppose -4*p = 3*l - 11, 3 = 3*p - l - 2*l. Let x(r) = 2 - 4*r**p + 3*r**2 - 2. Let g be (-2)/6*-6*1. Calculate x(g).
-4
Let j(d) = -d**2 + 2. Suppose 3*i + 13 = 7. Calculate j(i).
-2
Let h(x) = -3*x - 10. Let s(n) = n. Let j(v) = -h(v) - 2*s(v). Determine j(-12).
-2
Let d(o) = o**3 + 9*o**2 + 4*o - 12. Let t(w) = -3*w**3 - 27*w**2 - 11*w + 37. Let x(g) = 7*d(g) + 2*t(g). Give x(-8).
6
Suppose -4*t + 2*f = 0, -2*f - 5 = t + 5. Let l(n) be the second derivative of -n**3/6 - 3*n**2/2 + 23*n. Give l(t).
-1
Let q(k) be the second derivative of -k**3/3 - 7*k**2/2 + 22*k. Determine q(-6).
5
Let y(j) = -j**3 - 8*j**2 - 7*j - 4. Suppose -2*d - 60 = 3*d - 5*g, 3*d = -3*g - 6. Calculate y(d).
-4
Let q(o) = 2*o**3 - 3*o**2 - o + 4. Let w be q(2). Let l(z) = z**3 - 7*z**2 + 7*z - 6. Determine l(w).
0
Suppose -2*l - a + 12 = 0, -l - 3*a = -a - 9. Let q be (-5)/(-2) + (-2)/(-4). Let v(m) = 5*m - 2 - 6*m**2 + m**q - 1 - 2. Determine v(l).
-5
Let h(o) = 2*o - 3. Let i(g) = g**2 + 2*g + 3. Let w be i(-1). Give h(w).
1
Let q(d) = -d - 1. Let w = 115 - 119. What is q(w)?
3
Suppose f + 1 = 3. Let c(i) = i**2 - i - 1. Give c(f).
1
Let f(n) = -2*n**3 + 3*n**2 + 3*n + 7. Let m(l) = 3*l**3 - 4*l**2 - 4*l - 11. Let d(c) = -8*f(c) - 5*m(c). Calculate d(4).
-17
Let c = -8 - -5. Let l(i) = 2*i**3 + 4*i - 3*i**3 - 5*i**2 + 3 + 2*i**2. What is l(c)?
-9
Suppose h = o, h + 15 = 4*h. Let r(n) be the third derivative of -1/120*n**6 + 0*n + 0*n**3 + 0 + 1/24*n**4 + 2*n**2 + 0*n**o. What is r(-2)?
6
Let w(l) be the first derivative of l**2/2 + 4. Calculate w(-5).
-5
Let p(z) = -z**2 - 6*z - 6. Let w be 9/7 - 2/7. Suppose -w = 4*l + 3*u, -4*l - 11 = -0*l + u. Calculate p(l).
2
Suppose 3*m - 15 = -5*q + 4*m, -4*q - 5*m - 17 = 0. Suppose -q*w - 12 = w. Let n(g) = -g**3 - 3*g**2 + g - 5. Give n(w).
7
Suppose 0*y + 3*y = -q + 26, 45 = 5*q - 2*y. Let j(d) = 5*d - 3. Let c(s) = 9*s - 5. Let m(r) = q*j(r) - 6*c(r). Give m(3).
0
Suppose -o + 3*i - 18 = 2*o, 5*o = -5*i. Let u(s) = s**3 + 5*s**2 + 4*s - 1. Give u(o).
5
Let h be 23/(-92) - (-17)/4. Let z(g) be the third derivative of 0*g + 0 - 1/60*g**5 + 0*g**h - 1/3*g**3 - 2*g**2. Calculate z(0).
-2
Suppose b + 0*b - 4*f = -12, 2*b + 14 = 3*f. Let q(m) = 4 + 5 + m + 1 - 5. Give q(b).
1
Let r(s) = -4 - 4*s + 9*s - 8*s. Give r(-3).
5
Let f(g) = 2 + g**3 + 7*g**2 - 5*g**3 + 3*g**3. Determine f(7).
2
Let b(o) = o + 1. Suppose -2*p + 9 = p. Let c(m) = -m - 1. Let a be c(p). What is b(a)?
-3
Let d be -2*1*(-1)/1. Suppose 10*u - 5 = 5*n + 5*u, 2*u = -2*n + 14. Let h(m) = -3*m**2 + m**3 - 1 + m**2 + 1 + 2*m - n. What is h(d)?
1
Let x(r) = r**3 + 4*r**2 + 4*r. Let d be x(-3). Let z(u) = u**2 + u - 2. Give z(d).
4
Let c(j) = -4 + 0 - 6*j + 1. Give c(-2).
9
Suppose -q + 3*q = 2. Let m(o) = -5*o**3 + o**2 - o. Let p be m(q). Let g(y) = -y**2 - y - 7. Let l(h) = -h**2 - 8. Let f(a) = -6*g(a) + 5*l(a). What is f(p)?
-3
Let y(d) = d**2 - 6 + 4 + 3. Determine y(-2).
5
Let h(u) = -u**3 - 4*u**2 - u - 1. Suppose -4*f + 0*f - 8 = 0. Give h(f).
-7
Let l(r) = 2*r**2 - r. Suppose 0 = -11*w + 12 - 1. Give l(w).
1
Let c(x) = 5 - x**2 - 6 - 3 - 2 - 7*x. Determine c(-6).
0
Let k(f) be the second derivative of -f**5/60 - f**4/6 - 2*f**3/3 - f**2/2 - f. Let o(c) be the first derivative of k(c). Suppose -1 = p + 2. What is o(p)?
-1
Let q(h) = -10*h - 4. Let g(s) = -8*s - 4. Let w(d) = -4*g(d) + 3*q(d). Give w(-6).
-8
Let x(w) = 4*w**2 + 3*w + 2. Let j(s) = s**3 + 13*s**2 - 2*s - 29. Let l be j(-13). Determine x(l).
29
Let s = -4 - -5. Let r(k) = 2*k + 0*k**2 - s + 0*k + k**2. Calculate r(1).
2
Let q(b) = b**3 - 2*b - 1. Let d = 6 - -13. Let p = -21 + d. Calculate q(p).
-5
Suppose 2*s + 5*p + 0 = -8, -3*s - 2*p = 1. Let v(q) = 0*q - s + q + q**2 - 7*q. Determine v(5).
-6
Let n(f) = -f**3 - 7*f**2 - 13*f - 17. Let t(p) = -2*p**3 - 15*p**2 - 26*p - 34. Let b(a) = 11*n(a) - 6*t(a). Calculate b(-12).
5
Let k(v) = -4*v - 3. Let m(u) = -u**2 + 3*u + 2. Let b(t) = 3*k(t) + 4*m(t). Calculate b(1).
-5
Let i(g) be the third derivative of g**5/60 + 5*g**4/24 + g**3/6 - 22*g**2. Give i(-7).
15
Let n(g) = -g**2 - 9*g - 2. Let h = 30 + -35. Determine n(h).
18
Let d(i) be the second derivative of -i**5/20 - i**4/12 + i**3/2 + 3*i**2/2 - i. Calculate d(-2).
1
Let s(z) be the first derivative of 0*z**3 + 1/20*z**5 + 2*z + 3/2*z**2 - 1/3*z**4 - 1. Let g(b) be the first derivative of s(b). Calculate g(4).
3
Suppose 3*l - 20 = -2*d, 7*l + d - 31 = 2*l. Let y(c) = -c**2 + 4*c + 7. Give y(l).
-5
Let r = -2 + 3. Let q(s) = 2*s**2 - 2 - 2*s**3 + s + r + 0. What is q(2)?
-7
Let a(b) be the second derivative of -b**4/12 + 7*b**3/6 + 3*b**2/2 + 6*b. What is a(8)?
-5
Suppose -5*o = 5*r - 40, -3*o - 5*r + 7*r - 1 = 0. Let j(x) = x**2 - 3*x - 2. Give j(o).
-2
Let d(s) = -s + 3 - 8 + 0*s - 2. Calculate d(-8).
1
Suppose 5*v - 11 = -4*j, -2*v - 9